 2*z. What is the units digit of w?
7
Suppose -3*r = -d - 19, r + 0*d - d = 3. Let b = 8 - r. Suppose b + 40 = 4*n. What is the tens digit of n?
1
Let i(u) = 2*u**3 - 4*u**2 - 6*u - 7. What is the tens digit of i(5)?
1
Let w = -26 - -62. What is the units digit of w?
6
Suppose 0 = -2*b - 2*b. Let p = -23 - -28. Suppose 5*c = -2*s + 16, -p*c + b*c = -4*s + 62. What is the tens digit of s?
1
Let a(j) = -j**2 + 7*j. Let d be a(7). Suppose d = -2*l - 3*q + 5*q + 22, l + 4*q + 4 = 0. What is the units digit of l?
8
Suppose 6*l - 2*l = 80. What is the units digit of l?
0
Suppose -3*l + 299 = 2*g - 2*l, 5*g - 745 = -2*l. What is the units digit of g?
7
Suppose -2*c - 4*r + 420 = c, -3*r = 3*c - 423. What is the units digit of c?
4
Let m be 0 + 6*2 + -2. Suppose -4*t + m = -38. What is the units digit of t?
2
Let a(q) = -3*q**2 - 2 + 5 + 7*q**2 - 3*q**2. What is the tens digit of a(-3)?
1
Suppose 0 = 2*o + 2*y - 14, 5*o - y + 0 - 23 = 0. What is the tens digit of (-2)/4*(-260)/o?
2
Let h(p) be the second derivative of -p**5/20 - p**4/4 + p**3/2 + 3*p**2/2 + 4*p. Suppose 4*v + 19 = m, 3*v + 5*m = -1 + 4. What is the units digit of h(v)?
7
Let g(o) be the third derivative of o**6/120 - o**5/60 - o**4/24 + 29*o**3/6 + o**2. What is the tens digit of g(0)?
2
Let s = 33 + 47. What is the units digit of s?
0
Let z be 14/(-21) + 2/3. Let o = z - -1. What is the units digit of o?
1
Let n = 19 - 34. What is the units digit of (-3)/(-15) + (-72)/n?
5
Let d(y) = -y + 2. Let c be d(-2). Suppose 0 = c*g - 0*g + 8. Let a = g - -3. What is the units digit of a?
1
Suppose 2*k - 4*l - 4 + 8 = 0, 4*l + 2 = 5*k. What is the units digit of k?
2
Suppose -4*g + 16 = 0, -3*y + 4*g - 25 - 3 = 0. Let t be (-1 + 0)/((-4)/(-24)). Let i = y - t. What is the units digit of i?
2
Suppose 5*w = -4*a - a + 20, 2*a = 4*w + 8. Suppose 0 = j - w*j - 25. Suppose 5*o - j = -5. What is the units digit of o?
4
Let f(r) = -r**3 - 16*r**2 - 26*r - 29. What is the units digit of f(-15)?
6
Suppose -2*a = 4*t + a + 2, -a = 2*t. Let d be -2 + t*(1 + 2). What is the tens digit of ((-11)/(2 + -3))/d?
1
Let p = 5 + -3. Let s be (14/8)/((-5)/(-100)). What is the tens digit of ((-28)/s)/(p/(-50))?
2
Let x = -11 - -29. Suppose 0 = 4*q - 10 - x. What is the units digit of q?
7
Suppose -5*c = -5*h + 635, 4*c = h - 4*h + 360. What is the units digit of h?
4
Let n = -8 + 13. Let d = 8 - n. Suppose 16 = d*m - 5. What is the units digit of m?
7
Suppose -196 = 5*u - 7*u. What is the units digit of (24/14)/(28/u)?
6
Suppose 4*j = 6*j. Suppose -r + 6 = 2*r. Let a = r + j. What is the units digit of a?
2
Let s = -88 - -244. Suppose -s = -4*h - 0*h. What is the units digit of h?
9
Let x = -10 - -3. Let i = -5 - x. What is the units digit of i?
2
Let l(h) = -h**3 - h**2 + 1. Let b be l(-1). Suppose -g = n + n - 5, n - b = -2*g. Let i(c) = 13*c**2 - c. What is the tens digit of i(g)?
1
Suppose -4*l = -r + 50, -65 = -2*r + 3*l - 2*l. What is the units digit of r?
0
Suppose -33 = -3*w - 3*i, 5*i - 58 = -4*w - 11. What is the units digit of w?
8
Let m(p) = -4*p + 1. Let g be m(-6). Suppose -2*q - 32 = -6*q + 2*r, r = 3*q - g. What is the units digit of q?
9
Let y be (48/(-60))/(4/(-430)). Suppose -2*k + 4*s + y = 0, -2*k + k + 3*s = -40. What is the units digit of k?
9
Let b be 0/(-2) - (11 + -1). Suppose 0 = -4*j + j - 75. Let s = b - j. What is the tens digit of s?
1
Suppose 0*o = -5*o. Suppose 3*c - 71 = -5*l + 20, 5*l = 4*c + 112. Suppose o*w = 4*w - l. What is the units digit of w?
5
Let w(n) = -2*n**2 + n + 1. Let z be w(-1). Let b be -6*3/(-6) + z. What is the units digit of 2/b - (1 - 1)?
2
Suppose 5*i + 277 = 2*c + 21, -2*i + 560 = 4*c. What is the tens digit of c?
3
Suppose 0 = -a - 2*b + 7*b + 15, -5*a - 4*b - 12 = 0. Suppose -h - h = a. Suppose 0 = -2*q - h + 2. What is the units digit of q?
1
Let p be 6 - 2/3*-3. Suppose p = -4*x + 32. Let u = x - 4. What is the units digit of u?
2
Suppose 2*s = -3*w + 16, 4*w - 6*w + s = -6. Suppose 2*o - w = -0. What is the units digit of o?
2
Let v = 735 - 426. What is the units digit of v?
9
Let c(v) = 3*v**2 + 3*v + 3. Let d be c(-2). What is the tens digit of 6*2/4 + d?
1
Suppose m = 2*s - 151, 0 = -0*s + 3*s + 5*m - 194. What is the units digit of s?
3
Let a = 109 - 41. What is the tens digit of a?
6
Let g be -1 + 8 + 0/1. Let b = -2 + g. What is the units digit of b?
5
Suppose 3*j + b - 27 = 0, -2*j - 5*b - 5 = -j. Suppose 3*y - j + 1 = 0. What is the units digit of y?
3
Suppose 4*j - 3 = 5. Suppose -w - 2*t + j = -0*w, 3*w + 5*t = 7. Suppose -3 = -w*o + 9. What is the units digit of o?
3
Suppose -w + 2*l + 97 = 7*l, 3*w + 2*l = 330. What is the tens digit of w?
1
Suppose 3*r + 5*s = 49, r + 2*s = 16 + 1. Let u = -7 - -15. Suppose -2*a = -2*b - 2, a - u - r = -3*b. What is the units digit of a?
6
Let r(h) = 4*h**2 - 6*h - 2. Let l be r(7). Suppose 5*c = 3 + l. What is the units digit of c?
1
Let n(y) = 5*y**2 + y + 1. Let r be (1 + 0)/((-1)/(-2)). Suppose 4*x = -5*m - 5, 0 = -m + 3*x - 3 + r. What is the units digit of n(m)?
5
Suppose -3*m + 5*m - 4 = 0. Suppose -2*r + m = -2. What is the units digit of r?
2
Let a be ((-2)/1 - 1)*-1. Let t(g) = 4*g - 3. What is the units digit of t(a)?
9
What is the tens digit of (8/(-12))/((-4)/24) - -99?
0
Let s(o) = 2*o**2 - 10*o + 6. Suppose z + 3*n = -20, 0 = 2*z - 2*n - 2*n + 10. Let y = 17 + z. What is the units digit of s(y)?
8
Suppose 2*b + 15 - 2 = -3*s, 2*s + 7 = -3*b. Suppose -8 - b = 3*o. What is the units digit of (-22)/o - 4/12?
7
Let r = 10 + -8. Suppose r*u - 2*g - 14 = u, 95 = 4*u + 5*g. What is the units digit of u?
0
Let w(c) = c + 1. Suppose -3*y + 9 = 0, -2*v + 4*y = 3*y + 1. Let u be w(v). What is the tens digit of u*((-13)/2)/(-1)?
1
Let j = -9 + 6. What is the units digit of 3 - (j + 3 - 15)?
8
Let r be ((-52)/6)/(1/(-3)). Let h = 14 - r. Let o = h - -20. What is the units digit of o?
8
Suppose 77 = 3*c - 16. Let s = c + -17. What is the tens digit of s?
1
Suppose a + 1 = -1. What is the units digit of 19/((a + 0)/(-2))?
9
Let d(m) = m**3 + 6*m**2 + 6*m + 5. Let g be d(-5). Let b = g + 28. What is the tens digit of b?
2
Let w = 390 - 108. What is the hundreds digit of w?
2
Suppose 8 + 12 = 5*t. Suppose j = -t - 1. Let x(r) = r**3 + 4*r**2 - 5*r + 6. What is the units digit of x(j)?
6
Suppose f - 10 = -5*t + 24, -4*t + 31 = -3*f. Let l = t + -11. What is the units digit of ((-2)/l)/(2/4)?
1
Suppose 3*y - 354 = -0*m + 3*m, 4*y + 2*m - 472 = 0. What is the hundreds digit of y?
1
Let y(c) = c**3 - 13*c**2 - 12*c + 7. What is the tens digit of y(14)?
3
Suppose -h + 4*f - 7*f + 145 = 0, -3*h + 380 = -2*f. What is the hundreds digit of h?
1
Let d be 7/14 - 206/(-4). Suppose 2*p = 2*w - 4*w + d, 15 = -5*p. What is the units digit of w?
9
Let t = -17 + 13. What is the units digit of 3*t/((-48)/116)?
9
Let l = 23 + -13. What is the units digit of l?
0
Let m(h) = h + 1. Let i be m(4). Suppose 0 = 3*f - 5*t + 96, -t + 2*t = -i*f - 132. What is the units digit of (-6)/f - (-104)/18?
6
Suppose 2*c + 5*j - 266 = 0, -2*c + 142 + 112 = 2*j. What is the hundreds digit of c?
1
Let z(d) = 49*d**3 + 11*d**2 + 10*d + 16. Let a(k) = 10*k**3 + 2*k**2 + 2*k + 3. Let b(s) = -11*a(s) + 2*z(s). What is the tens digit of b(-1)?
1
Let l = 141 + -96. Suppose 6*b - b - l = 0. What is the units digit of b?
9
Suppose 0 = 4*g - f - 9, 21 = 8*g - 3*g + 2*f. What is the units digit of g?
3
Let y(d) = -d + 9. Let h be y(8). Suppose -q + h - 7 = 0. What is the units digit of 2 - 5/(15/q)?
4
Let b = -13 + 17. What is the units digit of -1*(-28)/(16/b)?
7
Suppose 86*d - 92*d = -1554. What is the hundreds digit of d?
2
Suppose -3*l - 73 = 3*q - 196, -q = -2*l - 41. What is the units digit of q?
1
Let n = 9 - 13. Let y be -3 + -1 - (-1 - n). What is the units digit of -1 - 0 - (y - -4)?
2
Let o = 10 - 6. Suppose -o*v - 12 = -68. What is the units digit of v?
4
Suppose -281 = -6*s + 865. What is the units digit of s?
1
Let y = -4 - -10. Let b(c) be the second derivative of c**4/12 - 2*c**3/3 - 2*c**2 + c. What is the units digit of b(y)?
8
Let l(x) = 4*x**2 + 10*x - 25. What is the hundreds digit of l(7)?
2
Let w = -19 + 27. What is the units digit of 572/18 + w/36?
2
Suppose -2*s - 11 = -s. Let x = s - -7. What is the units digit of x/(-26) - 